{"id":127,"date":"2020-02-18T13:38:56","date_gmt":"2020-02-18T13:38:56","guid":{"rendered":"https:\/\/test.leshono-suryoyo.com\/?post_type=product&#038;p=127"},"modified":"2020-06-09T14:39:31","modified_gmt":"2020-06-09T14:39:31","slug":"sureyt-turoyo-suroyo","status":"publish","type":"product","link":"https:\/\/leshono-suryoyo.com\/?product=sureyt-turoyo-suroyo","title":{"rendered":"Sureyt (Sureyt)"},"content":{"rendered":"<p>Sureyt (Suroyo oder Turoyo) ist die Eigenbezeichnung des gesprochenen Dialekts der Suryoye. Sureyt ist ein \u00fcber mehrere Jahrhunderte alter Dialekt, der von Generation zu Generation bis heute tradiert wird.<\/p>\n<p>Durch den Exodus der Suryoye in den letzten 50 Jahren aus der angestammten Heimat Nordmesopotamien nach Europa, Nordamerika und Australien ist die einzig gemeinsam gesprochene Sprache vom Aussterben bedroht. Verstreut auf der ganzen Welt sind die Voraussetzungen f\u00fcr die m\u00fcndliche Weitergabe und Weiterentwicklung nicht mehr gegeben.<br \/>\nDa in der Vergangenheit in Sureyt nie geschrieben wurde, existiert auch keinerlei Literatur oder Lehrb\u00fccher.<\/p>\n<p>In den letzten Jahren sind zwar einige wissenschaftliche Abhandlungen erschienen, die jedoch zum Erlernen dieser Sprache nur bedingt geeignet sind.<\/p>\n<p>Auch das vorliegende Buch erhebt keinen Anspruch auf Vollst\u00e4ndigkeit.<br \/>\nEs ist schier unm\u00f6glich, einer so alten Sprache\/Dialekt mit all den Facetten und Eigenarten mit einem Werk gerecht zu werden.<\/p>\n<p>Dieses Buch ist unterteilt in 4 Kapitel:<\/p>\n<p>1. Kapitel 1 bildet den Kern dieser Lekt\u00fcre. Er bietet eine Sammlung wichtiger Phrasen und h\u00e4ufig<br \/>\ngebrauchter Redewendungen aus sehr vielen Alltagsbreichen. Diese k\u00f6nnen in den Dialogen von<br \/>\nKapitel 2 verwendet werden, um so eine lebendige Konversation zu f\u00fchren.<\/p>\n<p>2. Kapitel 2: Im diesem Kapitel sind elementare Basis-Dialoge aus verschiedenen Lebenssituationen<br \/>\naufgef\u00fchrt. Diese dienen als Grundger\u00fcst f\u00fcr die allt\u00e4gliche Konversation.<\/p>\n<p>3. Grammatik: In diesem Abschnitt werden die einfachsten grammatikalischen Regeln erkl\u00e4rt. Artikel,<br \/>\nSingular-Plural-Bildung, Personalpronomen, Konjunktion von Verben, Possessivpronomen und<br \/>\nFragew\u00f6rter.<\/p>\n<p>4. Kapitel 4: Im Zuge der modernen Medien (Radio, Fernseher) haben in den letzten Jahren \u201eneue\u201c<br \/>\nW\u00f6rter aus dem klassischen Suryoyo den Zugang in die gesprochene Sprache gefunden. Diese<br \/>\nW\u00f6rter haben teilweise neue oder differenziertere Auslegung als der urspr\u00fcngliche Gebrauch. 300<br \/>\ndiese W\u00f6rter sind aufgelistet und \u00fcbersetzt.<\/p>\n<p>Ich hoffe, dass dieses Buch allen, die Interesse an dieser Sprache haben, einen Weg \u00f6ffnet und damit einen<br \/>\nBeitrag f\u00fcr das \u00dcberleben dieser Sprache leistet.<\/p>\n<p>Seiten: 68, farbig<br \/>\nSprachen: Deutsch, English, Sureyt<br \/>\n<span id=\"result_box\" class=\"short_text\" lang=\"en\"><span class=\"hps\">Shipping place \/ <\/span><\/span>Versandort: DE<\/p>\n<p><span id=\"result_box\" class=\"short_text\" lang=\"en\"><span class=\"hps\">Shipping \/ <\/span><\/span>Versandkosten:\u00a0 1,45 \u20ac<\/p>\n","protected":false},"excerpt":{"rendered":"<p>Sureyt (Suroyo oder Turoyo) ist die Eigenbezeichnung des gesprochenen Dialekts der Suryoye. Sureyt ist ein \u00fcber mehrere Jahrhunderte alter Dialekt, der von Generation zu Generation bis heute tradiert wird. Durch den Exodus der Suryoye in den letzten 50 Jahren aus der angestammten Heimat Nordmesopotamien nach Europa, Nordamerika und Australien ist die einzig gemeinsam gesprochene Sprache [&hellip;]<\/p>\n","protected":false},"featured_media":128,"template":"","meta":[],"product_brand":[],"product_cat":[24],"product_tag":[],"class_list":{"0":"post-127","1":"product","2":"type-product","3":"status-publish","4":"has-post-thumbnail","6":"product_cat-sureyt-2","7":"product_shipping_class-brief","9":"first","10":"instock","11":"taxable","12":"shipping-taxable","13":"purchasable","14":"product-type-simple"},"_links":{"self":[{"href":"https:\/\/leshono-suryoyo.com\/index.php?rest_route=\/wp\/v2\/product\/127","targetHints":{"allow":["GET"]}}],"collection":[{"href":"https:\/\/leshono-suryoyo.com\/index.php?rest_route=\/wp\/v2\/product"}],"about":[{"href":"https:\/\/leshono-suryoyo.com\/index.php?rest_route=\/wp\/v2\/types\/product"}],"wp:featuredmedia":[{"embeddable":true,"href":"https:\/\/leshono-suryoyo.com\/index.php?rest_route=\/wp\/v2\/media\/128"}],"wp:attachment":[{"href":"https:\/\/leshono-suryoyo.com\/index.php?rest_route=%2Fwp%2Fv2%2Fmedia&parent=127"}],"wp:term":[{"taxonomy":"product_brand","embeddable":true,"href":"https:\/\/leshono-suryoyo.com\/index.php?rest_route=%2Fwp%2Fv2%2Fproduct_brand&post=127"},{"taxonomy":"product_cat","embeddable":true,"href":"https:\/\/leshono-suryoyo.com\/index.php?rest_route=%2Fwp%2Fv2%2Fproduct_cat&post=127"},{"taxonomy":"product_tag","embeddable":true,"href":"https:\/\/leshono-suryoyo.com\/index.php?rest_route=%2Fwp%2Fv2%2Fproduct_tag&post=127"}],"curies":[{"name":"wp","href":"https:\/\/api.w.org\/{rel}","templated":true}]}}